 -5*b = -5*f - 25. Let m(s) = s + 1. What is m(f)?
-5
Let f(i) be the first derivative of 7*i + 1/2*i**2 + 27. Determine f(0).
7
Let y = 2/281 + 275/843. Let w(p) be the second derivative of 0 - y*p**3 - 8*p + 2*p**2. Calculate w(6).
-8
Let k be -5 - 72/(-8)*1. Let q(s) = -3*s**3 - 5*s**2 + 9*s - 4. Let w(b) = -4*b**3 - 5*b**2 + 10*b - 5. Let z(h) = 5*q(h) - 4*w(h). What is z(k)?
4
Let k(c) be the third derivative of -c**4/6 + 2*c**3/3 - 334*c**2. Calculate k(-6).
28
Let m(w) be the second derivative of -w**4/12 + w**3/3 + 4*w**2 - 46*w. Give m(4).
0
Suppose 7*c - 3*c = -a - 1, 3*a + c = 52. Let i = a + -20. Let w(v) = -v**2 + v + 1. Determine w(i).
-1
Let d(f) = -8*f + 6. Suppose -60 = 13*w - 23*w. Calculate d(w).
-42
Let b(g) = -g**3 + 3*g**2 + 4*g + 1. Let y(q) = q**3 - 4*q**2 - 31*q - 3. Let p be y(8). What is b(p)?
-29
Let x(j) be the second derivative of -19*j**4/6 - j**3/3 - j**2/2 - 93*j. What is x(-1)?
-37
Suppose -3*w = -6 - 12. Suppose -z - w = -4*z. Let r(v) = -1 - z*v - 3*v**2 - 11*v**2 + 15*v**2. Calculate r(4).
7
Let q(s) be the first derivative of 7*s**2/2 - s + 57. Give q(-1).
-8
Let k(w) = -w**3 - 4*w**2 - 10 + 3 + 21*w**2 + 13 + 12. Determine k(17).
18
Let x(o) = -7 - o**2 - 5 + o + 33 + 15. Determine x(0).
36
Let s(b) = -b - 6. Let k(j) = j + 5. Let z(n) = -3*k(n) - 5*s(n). What is z(-7)?
1
Let x(l) = l**3 - 7*l + 0*l**3 - 2*l**2 + 37 - 4*l**2 - 42. Give x(7).
-5
Let m(p) be the second derivative of -p**4/24 + 2*p**3/3 - 6*p**2 + 2*p. Let v(k) be the first derivative of m(k). Calculate v(7).
-3
Let f(q) be the second derivative of -q**3/2 + q**2/2 + 134*q + 1. Give f(6).
-17
Let i(b) be the second derivative of -6*b - 3/2*b**2 + 0 - 1/3*b**3. What is i(-2)?
1
Let b(v) = -3*v**3 - 2*v**2 + 12*v + 7. Let h(q) = q**2 - 2*q - 1. Let x(u) = -b(u) - 5*h(u). Calculate x(2).
6
Let m(p) = 6*p**2 + 5*p - 12. Let i(o) = 5*o**2 + 6*o - 11. Let s(g) = 5*i(g) - 4*m(g). Determine s(-11).
4
Suppose -2*m = -28 - 42. Let p = 30 - m. Let y be (-2)/(5/(-50)*p). Let a(r) = -r**2 - 7*r - 5. Determine a(y).
7
Let a(j) be the second derivative of j**5/60 - j**4/3 + 2*j**3/3 + 9*j**2/2 + 3*j. Let x(v) be the first derivative of a(v). Determine x(6).
-8
Let t(z) = 3*z + 47. Let u be t(-13). Let g(y) = -y**3 + 9*y**2 - 12*y + 7. Give g(u).
-25
Suppose -3*r - 34 = -2*a, 12*a = 5*r + 9*a + 57. Let d(v) = v + 13. Give d(r).
1
Let d(g) = 8. Let b(t) = t + 79. Let x(s) = -b(s) + 6*d(s). Determine x(-23).
-8
Let w(x) = x**3 + 36*x**2 - 34*x + 101. Let b be w(-37). Let z(f) = -f**2 - 8*f + 14. Calculate z(b).
-6
Let b be (-2)/(8/(-10))*(19 - 11). Suppose -2*m = 3*t + t - b, -4*m + 1 = -5*t. Let d(s) = -s**2 + 5*s - 2. Calculate d(t).
4
Let l(d) = d - 4 - 7*d**3 + 9*d**3 - 3*d**3 - 3 - 5*d**2. Let j(p) = p**3 - 8*p**2 + 5*p + 9. Let x be j(7). Give l(x).
-12
Suppose -8 = -18*o + 17*o. Let m(w) = 8 - 5*w**2 - 10*w + 6*w**2 + w**3 - 8*w**2. Give m(o).
-8
Let s(f) = f**3 + 3*f**2 + 3*f + 1. Suppose 4*o + a + 15 = 0, -18 = o + 5*a - 0*a. What is s(o)?
-8
Let p(t) = -8*t + 172. Let g be p(21). Let m(l) be the second derivative of -1/2*l**2 - 1/3*l**3 - 3*l - 1/6*l**g + 0 - 1/20*l**5. Determine m(-2).
3
Let t be (-10)/5*27/(-2). Suppose -t = d - 5*f, -3 = 2*d + 2*d + f. Let m(s) be the first derivative of -3*s**2 - 3*s - 1. What is m(d)?
9
Let b(r) be the second derivative of 0 - r**3 + 5*r + 5/12*r**4 + 1/20*r**5 + 0*r**2. Let t = 1 + -7. What is b(t)?
0
Let w(n) be the first derivative of -n**3/3 - 7*n**2/2 + 9*n - 202. Determine w(-8).
1
Let x(y) = y**2 + 4*y - 16. Let n be x(-7). Let c(m) = -7 - m**3 + 5*m**2 + m**2 - n*m + 1. Determine c(5).
-6
Let d(i) = -i**3 - i**2 - 4. Let p be (11 + (-9)/3)/(-1). Let g be (-11)/(-44) - 6/p. Let j = g - 1. What is d(j)?
-4
Suppose -234 = -5*t + 46. Let r = 61 - t. Let m(y) = -y**3 + 5*y**2 + 2*y + 5. Give m(r).
15
Let d(z) = z**2 + 3*z + 3. Suppose -8*h - 1 + 113 = 0. Suppose h = 12*n + 74. Calculate d(n).
13
Let j be (7 - -7*(-3)/3)/(-2). Let h(s) = -s**2 + s + 27. Determine h(j).
27
Let l(d) = -d**2 + 19*d + 2. Let y = -166 + 185. Determine l(y).
2
Let m = -210 - -208. Let p(s) be the first derivative of 0*s + s**3 + 1 + 1/2*s**2. Give p(m).
10
Let j(y) be the third derivative of y**8/20160 - y**7/560 - y**6/180 + y**5/60 + 4*y**2. Let n(g) be the third derivative of j(g). What is n(6)?
-22
Suppose 2*d + 5*x - 7 = 4, 0 = -5*d - 3*x + 18. Let g(a) = 10*a**2 - a - a**d + 0*a**2 - 10*a**2 + 1. Give g(0).
1
Let v = 777 + -768. Let x(f) = -3*f + 29. Give x(v).
2
Let g(w) = -3*w**2 + w**2 + 7*w + 4*w**2 - 8*w. Let o = -4 + 6. What is g(o)?
6
Let q(c) = c**3 - 4*c + 1. Let y(x) = x + 5. Let m be 48/(-6)*(-1 - -2). Let k be y(m). Determine q(k).
-14
Let m(s) = -s**2 - 3*s + 2. Suppose -37*n = -39*n + 4. Suppose -n*g = -4*k - 26, -5*k - 12*g + 8*g = 0. Calculate m(k).
-2
Let j(d) = -33*d**2 - 2*d + 8. Let h(c) = 38*c**2 + 2*c - 9. Let a(n) = -6*h(n) - 7*j(n). Let f(m) = -m. Let r be f(2). Give a(r).
6
Let u(r) = r**2 - 17*r + 18. Let p be u(16). Let g(s) = p*s - s**2 - 2*s + 2 - 3*s. What is g(-4)?
-2
Let z be -1 + (-2 - -2) + 81/(-9). Let i(a) = -a**3 - 10*a**2 + a + 2. Give i(z).
-8
Let g(t) = 2*t**3 - 2*t**2 - 3*t + 2. Let y be g(2). Suppose 0 = 4*w - 4*n - 20, -5*w + 5*n - y*n + 9 = 0. Let l(v) = 8*v + 1. Determine l(w).
9
Let d = 97 + -106. Let t(k) = 5 - 2 - 4*k + k**2 + 3*k + 11*k. What is t(d)?
-6
Let b = -4 - -6. Let v(m) = m**2 - 5 - 2*m - b*m - 2 + 8*m. Let g be v(-6). Let c(s) = s - 3. What is c(g)?
2
Let r(j) = 4*j**2 + 4*j - 18. Let u(o) = -3*o**2 - o + 16. Let w(d) = 2*r(d) + 3*u(d). What is w(5)?
12
Let k(q) = 75*q + 80. Let p be k(-1). Let i(a) = -a**3 + 5*a**2 + 5*a - 6. Calculate i(p).
19
Let h(k) be the third derivative of -11*k**6/40 - k**5/60 + k**3/6 + 10*k**2. Give h(1).
-33
Let f be 10/(-25)*-1*15. Let g(u) = -u**3 + 6*u**2 + u - 2. Calculate g(f).
4
Suppose 10*b = -172 + 42. Let a(j) = -3*j - 33. Calculate a(b).
6
Let m(x) = x - 2. Let y(q) = -q**2 - 5*q - 4. Let n be y(-5). Let f(p) = -5*p - 14. Let a be f(n). Give m(a).
4
Let v(w) = 2*w**3 + 7*w**2 + 7*w + 6. Let r(u) = -u**3 - 3 + 15*u - 19*u + 0 - 3*u**2. Let k(i) = 7*r(i) + 4*v(i). Let n be 18/(-3) - (1 - 0). Calculate k(n).
3
Let i(p) be the first derivative of 3*p**2/2 + 2*p - 57. Determine i(-4).
-10
Let b(n) be the third derivative of -n**5/60 + n**4/12 + 7*n**3/6 - 2*n**2 - 62. Suppose -5*x + 3*x + 12 = 0. Give b(x).
-17
Let c be 246/22 + 3/((-33)/2). Let v = -7 + c. Let j(t) = -t**3 - 1 - 4*t + 4*t**2 + 5*t**2 - 4*t**2. Give j(v).
-1
Let p(n) = -n**2 + 1. Suppose 3*u = -2*d - 2, 0*u + 2*u = 4*d + 4. Let t(v) = -3*v**2 - 5*v - 1. Let f(c) = d*t(c) + 4*p(c). Give f(5).
5
Let v(d) = 3*d**2 + 11*d**3 - 2*d**2 - 3*d - 11*d**3 - 5 - 6*d**3. Let x(f) = f**3 - f**2. Let n(c) = -v(c) - 5*x(c). Give n(-4).
-7
Let i(u) be the second derivative of -u**3/6 + 2*u**2 + 38*u + 1. Determine i(3).
1
Let r(x) = -29*x**3 - x + 1. Suppose -4*n = -16*d + 17*d + 3, -4*d - 2*n = -2. Determine r(d).
-29
Let m(d) = -7*d**2 + 29*d - 16*d**3 - 23*d + 7*d**3 + 8*d**3. What is m(-8)?
16
Let i(j) = 2*j**2 - 6*j - 9. Let n be i(4). Let v(h) = 7*h - 6*h + 4*h - h. Calculate v(n).
-4
Let u(n) = 3*n + 7. Let a(q) = 3*q + 6. Let f(x) = -x. Let b(d) = -a(d) - f(d). Let h(z) = -4*b(z) - 3*u(z). What is h(0)?
3
Let i = -11 + 13. Suppose -3*o + 17 = o + 3*j, i = -2*o + 2*j. Let r(n) = 1 - 1 + o*n - 3*n. Give r(-4).
4
Let f(p) = -p**2 - 1. Let k(d) = d**3 - 13*d**2 + d - 18. Let b(o) = -3*f(o) + k(o). Determine b(10).
-5
Let k(p) = p**2 - p + 4. Let g be (-333)/(-15) + (-4)/20. Suppose -5*m = -a + g, 0 = -4*a - m + 4 - 0. Let f(r) = -r - 1. Let x be f(a). Give k(x).
16
Let f be 2/(-7)*(-10535)/2580. Let v(n) be the second derivative of 0 + 1/12*n**4 - f*n**3 + n**2 - 6*n. Determine v(6).
-4
Suppose 2*v = -3*k + 6 - 16, -4*k - 2 = -3*v. Let t(g) = -2*g**2 + 1 - 4 + 2*g - 5*g. Calculate t(v).
-5
Let p(y) = -y + 1. Suppose -5*g = 2*k - 3*k + 7, g + 5*k = 9. Let i be g - 2/(4/18). Let a = i - -13. Give p(a).
-2
Let d(i) = -i**3 - 5*i**2 - 5*i + 2. Let f be (14/7 - 3) + -3. Give d(f).
6
Suppose 5*m + u - 17 = 0, -2*m - 5*u + 5 = 3*m. Let d(o) be the first derivative of -o**2/2 + 4*o - 348. Give d(m).
0
Let w be (0 + 4)/(4/6). Let t(n) = n**2 - 6*n - 7. Determine t(w).
-7
Let u = -94